ivided by 4?
2
Let p(v) = -v - 1. Calculate the remainder when 7 is divided by p(-3).
1
What is the remainder when 85 is divided by 212/10 - (-20)/25?
19
Let d(k) = -k**3 - 5*k**2 - k + 2. Let p be d(-5). Suppose 0 = 2*z - 3 - 3. Suppose z*t + 64 = p*t. What is the remainder when t is divided by 9?
7
Let i = 18 - 6. What is the remainder when ((-45)/12)/((-4)/48) is divided by i?
9
Suppose -4 = 4*n - 0*n. Let b be (0/3)/(2 + n). Suppose -2*v + 3*v - 11 = b. Calculate the remainder when 31 is divided by v.
9
Suppose 3*t + 20 = 2*h, -5*t = -4*h - 2*t + 46. Calculate the remainder when 6*(-8)/12 + 43 + -1 is divided by h.
12
Suppose 4*t - 2*k + 7 = -3*k, k + 1 = 2*t. Let s = t - -14. What is the remainder when 48 is divided by s?
9
Let m(x) = 12*x - 7. Suppose v - 12 = -5. Let j be m(v). Suppose j = 5*f + 7. Calculate the remainder when f is divided by 8.
6
Let x be 0/(0 - (-2 + 0)). Suppose x = -6*c + c + 125. Suppose -4*g = -23 - c. Calculate the remainder when 34 is divided by g.
10
Let a = -7 - -7. Suppose a*v - v = -4. Calculate the remainder when 10 is divided by v.
2
Calculate the remainder when 96 is divided by (-1443)/(-65) - (-1)/(-5).
8
Suppose -t - 3*t = -120. Calculate the remainder when 174*(2*4/(-16))/(-1) is divided by t.
27
Calculate the remainder when 25 is divided by (-56)/98 - 53/(-7).
4
Let g = 98 - 46. What is the remainder when 206 is divided by g?
50
What is the remainder when (-3)/(3 - 8/2) is divided by 1?
0
Let a be 6*(6/4)/3. Let o = a + -1. What is the remainder when 5 is divided by o?
1
Suppose 2*d + 2*h + 8 = 0, 0 = -5*d - 3*h - 7 - 15. Let k be (-14)/d + 1/5. Suppose -3*b + 12 = -k. What is the remainder when 9 is divided by b?
4
Let z(d) be the third derivative of d**4/12 - 5*d**3/6 - 2*d**2. What is the remainder when 18 is divided by z(6)?
4
Calculate the remainder when (3/(-4))/(-3 - (-426)/144) is divided by 5.
3
Let t(j) = -9*j + 1. Let c(s) = -26*s + 2. Let h(l) = 4*c(l) - 11*t(l). Calculate the remainder when h(-5) is divided by 8.
6
Let d = 113 + -51. What is the remainder when d is divided by 22?
18
Let n = -5 - -26. Calculate the remainder when 61 is divided by n.
19
Suppose -2 = 5*v - 87. Suppose 0 = 3*u - 37 - v. Calculate the remainder when u is divided by 10.
8
What is the remainder when 53 is divided by (-41)/(-3) - (-1)/3?
11
What is the remainder when 150 is divided by (1/1)/((-5)/(-190))?
36
Suppose 13 = 2*u + 5. Let y = -40 + 53. Calculate the remainder when y is divided by u.
1
Suppose -4*y = -2*f + 12, -5*y = -15 - 10. Suppose 2*t - 5*c - f = 4*t, -2 = 5*t + 3*c. What is the remainder when 6 is divided by t?
0
Let a(z) = 2*z**3 + z**2 + 2*z - 3. Let l be (-6)/8 + 11/4. What is the remainder when a(l) is divided by 6?
3
Let w = 7 - 8. What is the remainder when 29 is divided by (-12)/w + -3 + 1?
9
Let d(x) = x**2 + 5*x + 4. Let c be d(-3). Let i(l) = -l**3. Calculate the remainder when 14 is divided by i(c).
6
Let h(j) = -j**3 - 8*j**2 - 5*j + 6. Let u be h(-7). Let d(f) = f**2 + 5*f - 9. Let l(i) = i + 17. Calculate the remainder when l(10) is divided by d(u).
12
Let x = 36 + -14. Let r(b) = 2*b**2 + 3*b**3 + 3*b**2 - 2*b**3 - 4. Calculate the remainder when x is divided by r(-4).
10
Suppose 5*r + x + 41 = r, -5*r + 2*x = 48. Let q = -7 - r. What is the remainder when 11 is divided by q?
2
Suppose 0 = 6*h + 46 - 64. Suppose 0*f - 4*f + 44 = 0. Calculate the remainder when f is divided by h.
2
Let v(q) be the second derivative of -q**4/12 + 11*q**3/6 + 9*q**2/2 + 4*q. Calculate the remainder when v(11) is divided by 6.
3
Let i be 15/6 - (-2)/4. Suppose 0 = i*v - 19 - 17. Calculate the remainder when 21 is divided by v.
9
Calculate the remainder when 12 is divided by (40/(-14))/((-4)/14) - 1.
3
Let f = -24 - -26. Calculate the remainder when f is divided by 2.
0
Suppose -4*q + 61 = -59. Calculate the remainder when q is divided by 16.
14
Let g(x) = 55*x**3 + 4*x**2 + 3*x + 2. Let s be g(-2). Calculate the remainder when (-7)/(-35) - s/10 is divided by 22.
21
Let i = 100 + -29. Calculate the remainder when i is divided by 36*(44/56 + (-14)/49).
17
Let c = 52 + -39. What is the remainder when 102 is divided by c?
11
Let b(j) be the first derivative of j**2/2 - 2*j - 3. Suppose 0 = 4*v - v - 15. What is the remainder when 7 is divided by b(v)?
1
Suppose s - 5*t - 22 = 0, 9 = -4*s - 4*t + 73. What is the remainder when 31 is divided by s?
14
Suppose 0 = 26*f - 32*f + 78. Calculate the remainder when f is divided by 5.
3
Suppose 28 = 3*g - 14. Suppose 2*r = -g + 42. What is the remainder when 40 is divided by r?
12
Suppose 3*u = 2 + 76. What is the remainder when -1*(-4)/(-4) + u is divided by 7?
4
Let p = -11 + 23. What is the remainder when p is divided by 5?
2
Let j = 10 - 0. Suppose 0 = 5*r + 20, 3*u + 0*r - 107 = -r. What is the remainder when u is divided by j?
7
Suppose -8*f = -5*f - 72. Calculate the remainder when f is divided by 9.
6
Let v = -40 - -56. Suppose 136 = 5*a + v. Calculate the remainder when a is divided by 13.
11
Let f = -2 + 2. Suppose 2*g + 0 - 42 = f. Calculate the remainder when g is divided by 11.
10
Let j = 34 - -1. What is the remainder when j is divided by 19?
16
Suppose 79 = 4*k - 2*r + 17, -3*k + 5*r + 50 = 0. Calculate the remainder when 59 is divided by k.
14
Suppose 0 = 2*u + 5 - 19. Let z = 8 - u. Let q(h) = 7*h + 1. Calculate the remainder when 22 is divided by q(z).
6
Let i(o) = -o**2 - 10*o - 3. Let m be i(-9). Let f be (-1)/(4/m)*-2. Suppose -3*j + 6*j = 0, -f*j - 8 = -2*k. Calculate the remainder when 15 is divided by k.
3
Let d be 10 - 2*(-9)/(-6). Let f(c) = -c**2 + 8*c + 2. Let s = 5 - 0. Calculate the remainder when f(d) is divided by s.
4
Suppose s + 3 = 2*a - 5, -3*s + 16 = 4*a. Calculate the remainder when 11 is divided by a.
3
Suppose 0 = -m - 0 + 18. Suppose 0*n = n - 3. Suppose -2*s = -n*s + 10. What is the remainder when m is divided by s?
8
Let t(q) = q**3 + 7*q**2 + 7*q + 9. Let w = 22 - 17. Suppose u + 11 = 3*z, -5*z - w*u + 0*u + 25 = 0. Calculate the remainder when z is divided by t(-6).
1
Let r be (-26)/2 + 4/(-2). Let u = r - -51. Calculate the remainder when u is divided by 19.
17
Suppose -5*p = -4*o + 279, -p = 2*o - 172 + 43. Let m = 12 - 5. What is the remainder when 1332/o - (-2)/(-11) is divided by m?
6
Suppose -4*d - 2 = -4*p + 2, -14 = -5*p + 2*d. Let x(y) = y**3 - 7*y**2 + 2*y - 4. What is the remainder when x(7) is divided by p?
2
Suppose -3*v + 10 + 14 = 0. Suppose 2*r - 140 = -5*i, 7*r - 140 = -5*i + 6*r. What is the remainder when i is divided by v?
4
Let z be 2/12 + 2890/(-60). Let l = z - -91. What is the remainder when l is divided by 23?
20
What is the remainder when 39 is divided by 6/(-21) + (-284)/(-14)?
19
Suppose -5*c = -c. Suppose -2*t - t = -5*a + 46, -4*t + 12 = c. Suppose 0 = 5*n - 3*b - 29, -n - 4*b - 4 = n. What is the remainder when a is divided by n?
3
Let g(x) = x**3 - 3*x**2 - 16*x + 13. What is the remainder when g(6) is divided by 3?
1
Calculate the remainder when ((-6)/(-3) - 0) + (-276)/(-2) is divided by 47.
46
Suppose -4*v + 3*f + 4 = v, -2*f = -v - 2. Suppose 5*n = -2*r - 2, 0 = -n + v*n - 2. Calculate the remainder when 4/r + 246/18 is divided by 7.
6
Suppose -8 = -2*m + 16. Let u = 0 - 0. Let a = u + m. What is the remainder when 23 is divided by a?
11
Suppose 2*j = 5*j. Calculate the remainder when 37 is divided by (-1 + 14)/(1 + j).
11
Let u = 135 + -50. Calculate the remainder when u is divided by 22.
19
What is the remainder when 72 is divided by (1 - -3) + 17 - 0?
9
Let d = -2 + 55. What is the remainder when d is divided by 18?
17
Let f be (-4)/(-2) + -1 + -4. What is the remainder when f*2/(-6)*26 is divided by 14?
12
Suppose 0 = -4*k - 4*y + 104, 50 - 18 = k + 4*y. What is the remainder when 45 is divided by k?
21
Suppose 0 = -7*b + 3*b + 268. What is the remainder when b is divided by 17?
16
Let a(k) = -k**2 + 11*k - 7. Calculate the remainder when a(5) is divided by 8.
7
Let d(x) = x + 4. Let c(s) = s**3 - 6*s**2 + 6*s + 2. Calculate the remainder when c(5) is divided by d(0).
3
Let g = 16 + -10. Let n = g - -10. What is the remainder when 46 is divided by n?
14
Suppose -3*o + 4*y = -40, -2*o - 3*o + 4*y = -64. What is the remainder when 31 is divided by o?
7
Let v be 200/(-9) + 4/18. L